number?
False
Is 162821 a prime number?
True
Is 479 a prime number?
True
Is 167509 a composite number?
True
Is 585941 a composite number?
True
Is 7039 a prime number?
True
Is 22735 a prime number?
False
Is 2153 prime?
True
Is 11983 a prime number?
False
Is 152717 composite?
False
Is 9059 a prime number?
True
Is 16301 composite?
False
Is 4009 prime?
False
Is 211 a prime number?
True
Is 25969 composite?
False
Is 254437 a composite number?
False
Is 16123 composite?
True
Is 162033 a prime number?
False
Is 608567 a composite number?
True
Is 40981 a prime number?
False
Is 2897 composite?
False
Is 22807 composite?
False
Is 45497 a prime number?
True
Is 234851 composite?
False
Is 6449 composite?
False
Is 4939 prime?
False
Is 1163 a composite number?
False
Is 412483 a composite number?
True
Is 56915 composite?
True
Is 12929 a prime number?
False
Is 88159 a prime number?
False
Is 19841 a prime number?
True
Is 1671 a prime number?
False
Is 38945 a composite number?
True
Is 1319 composite?
False
Is 6733 a prime number?
True
Is 41381 prime?
True
Is 382441 a composite number?
True
Is 4909 composite?
False
Is 304295 composite?
True
Is 420731 a composite number?
False
Is 8013 a prime number?
False
Is 240211 a composite number?
True
Is 34913 a prime number?
True
Is 21961 a composite number?
False
Is 1302085 composite?
True
Is 1219 prime?
False
Is 102514 composite?
True
Is 66523 composite?
False
Is 2453 composite?
True
Is 46993 a composite number?
False
Is 476081 a composite number?
False
Is 8842 a prime number?
False
Is 86519 a prime number?
False
Is 426907 prime?
False
Is 162107 a prime number?
False
Is 5539 a prime number?
False
Is 29257 prime?
False
Is 221 prime?
False
Is 8287 composite?
False
Is 107917 a prime number?
False
Is 18599 prime?
False
Is 36989 prime?
False
Is 707 prime?
False
Is 51521 a prime number?
True
Is 2579 a prime number?
True
Is 234181 a composite number?
False
Is 18671 a composite number?
False
Is 348203 composite?
True
Is 1376255 prime?
False
Is 359101 prime?
True
Is 85777 prime?
False
Is 27533 a composite number?
True
Is 7211 prime?
True
Is 24611 a prime number?
True
Is 5939 a composite number?
False
Is 226283 prime?
True
Is 77335 composite?
True
Is 88039 a composite number?
True
Is 1367987 a prime number?
True
Is 50791 a composite number?
True
Is 352535 a composite number?
True
Is 7781 composite?
True
Is 3613 a composite number?
False
Is 8563 composite?
False
Is 4201 prime?
True
Is 17687 prime?
False
Is 9899 prime?
False
Is 1082451 a prime number?
False
Is 4397 a prime number?
True
Is 635 a prime number?
False
Is 4713 composite?
True
Is 6113 composite?
False
Is 91229 a composite number?
False
Is 24781 composite?
False
Is 55511 a composite number?
False
Is 18899 a prime number?
True
Is 505093 a prime number?
False
Is 337793 composite?
False
Is 231466 prime?
False
Is 68279 a prime number?
True
Is 37397 prime?
True
Is 28597 prime?
True
Is 5449 composite?
False
Is 11467 a prime number?
True
Is 684409 a composite number?
True
Is 4106 prime?
False
Is 101627 prime?
True
Is 680531 a prime number?
True
Is 20653 prime?
False
Is 678253 a composite number?
False
Is 464741 a composite number?
False
Is 9781 composite?
False
Is 214169 a prime number?
False
Is 257 a prime number?
True
Is 787 composite?
False
Is 51443 a composite number?
True
Is 35897 composite?
False
Is 131981 a composite number?
True
Is 5483 a composite number?
False
Is 5381 prime?
True
Is 768487 composite?
True
Is 9229 composite?
True
Is 16106 composite?
True
Is 1687999 composite?
False
Is 6823 a composite number?
False
Is 57613 composite?
True
Is 202643 prime?
False
Is 6047 prime?
True
Is 57881 a composite number?
False
Is 25 a prime number?
False
Is 19813 a composite number?
False
Is 466619 a prime number?
True
Is 14099 a prime number?
False
Is 286813 prime?
True
Is 1426361 a composite number?
False
Is 2120701 prime?
False
Is 5381 composite?
False
Is 71879 composite?
False
Is 9797 prime?
False
Is 16143 composite?
True
Is 185343 a prime number?
False
Is 449 a composite number?
False
Is 39271 prime?
False
Is 330271 a prime number?
True
Is 120179 a prime number?
False
Is 647293 a prime number?
True
Is 983453 a prime number?
False
Is 11981 a composite number?
False
Is 1922269 prime?
True
Is 6947 a prime number?
True
Is 59999 a composite number?
False
Is 1709 a composite number?
False
Is 6353 prime?
True
Is 298009 prime?
False
Is 1343 a composite number?
True
Is 797 a composite number?
False
Is 124633 composite?
False
Is 9767 composite?
False
Is 73826 a composite number?
True
Is 67339 a prime number?
True
Is 1397 composite?
True
Is 301259 prime?
False
Is 2526541 a composite number?
False
Is 2165393 prime?
True
Is 807514 a prime number?
False
Is 132743 a composite number?
True
Is 57701 a composite number?
True
Is 161771 a prime number?
True
Is 106235 a prime number?
False
Is 750197 a prime number?
False
Is 20369 a prime number?
True
Is 263 prime?
True
Is 40862 composite?
True
Is 1271669 prime?
False
Is 91049 prime?
False
Is 41329 prime?
False
Is 34781 prime?
True
Is 285189 composite?
True
Is 174353 composite?
True
Is 10133 prime?
True
Is 116309 a composite number?
True
Is 413 a composite number?
True
Is 1423 a prime number?
True
Is 255413 prime?
True
Is 4109 a prime number?
False
Is 15563 composite?
True
Is 15727 a composite number?
False
Is 31237 a composite number?
False
Is 54958 prime?
False
Is 7367 a prime number?
False
Is 2254067 a prime number?
True
Is 113647 prime?
True
Is 4679 composite?
False
Is 20537 prime?
False
Is 91493 a prime number?
True
Is 704621 a prime number?
False
Is 237989 a prime number?
False
Is 121393 prime?
False
Is 52613 composite?
True
Is 1533871 a prime number?
True
Is 49145 composite?
True
Is 2099 composite?
False
Is 63331 a prime number?
True
Is 1574803 composite?
True
Is 1701289 a composite number?
False
Is 625271 composite?
True
Is 787 prime?
True
Is 127 a composite number?
False
Is 12746 a composite number?
True
Is 65497 composite?
False
Is 96581 a prime number?
True
Is 465293 prime?
True
Is 1709 a prime number?
True
Is 84433 prime?
False
Is 44617 a prime number?
True
Is 246049 prime?
True
Is 1150291 prime?
False
Is 100787 composite?
False
Is 20921 prime?
True
Is 141397 a prime number?
True
Is 76597 prime?
True
Is 50581 a composite number?
False
Is 385607 prime?
True
Is 159287 a composite number?
False
Is 186367 composite?
True
Is 50717 prime?
False
Is 679 prime?
False
Is 73121 a prime number?
True
Is 816763 prime?
True
Is 3649 prime?
False
Is 855187 composite?
False
Is 955238 a composite number?
True
Is 45986 prime?
False
Is 34517 prime?
False
Is 2747 composite?
True
Is 44249 composite?
False
Is 3291 composite?
True
Is 412777 a prime number?
False
Is 96661 prime?
True
Is 907195 prime?
False
Is 27143 a composite number?
False
Is 27139 prime?
False
Is 57373 prime?
True
Is 108523 composite?
True
Is 6537 prime?
False
Is 324799 prime?
True
Is 2521 composite?
False
Is 414187 a prime number?
False
Is 32677 prime?
False
Is 22179 a composite number?
True
Is 26977 a composite number?
True
Is 42593 prime?
False
Is 59131 composite?
True
Is 9986 a composite number?
True
Is 359149 composite?
True
Is 2539 a composite number?
False
Is 300293 prime?
False
Is 28981 composite?
True
Is 124737 a composite number?
True
Is 226511 a prime number?
True
Is 28643 prime?
True
Is 26293 a prime number?
True
Is 7114 a composite number?
True
Is 468327 composite?
True
Is 1346 a composite number?
True
Is 50563 a prime number?
False
Is 429211 composite?
False
Is 29473 a prime number?
True
Is 311065 composite?
True
Is 99377 composite?
False
Is 49687 prime?
False
Is 2761 a composite number?
True
Is 666697 a composite number?
False
Is 307715 prime?
False
Is 30307 prime?
True
Is 2059 a composite number?
True
Is 13834 prime?
False
Is 29647 prime?
False
Is 40781 a composite number?
True
Is 486281 a composite number?
False
Is 18679 a composite number?
False
Is 24997 composite?
True
Is 119 a prime number?
False
Is 289277 a composite number?
True
Is 83015 a prime number?
False
Is 139499 composite?
True
Is 3647 a prime number?
False
Is 4441 composite?
False
Is 139393 a prime number?
True
Is 40333 prime?
False
Is 92143 a composite number?
False
Is 93523 composite?
False
Is 142223 composite?
